. Calculate r(-12).
-28
Let y(v) = 8*v - 39. What is y(6)?
9
Let c(j) = j**2 - 13*j. Calculate c(13).
0
Let v(i) = i**3 + 4*i**2 + 2*i. Give v(-4).
-8
Let v(o) = -7*o + 7. Calculate v(2).
-7
Let o(k) = 2*k**3 - 6*k**2 + 4*k - 3. Give o(3).
9
Let q(h) = h + 19. What is q(-10)?
9
Let t(o) = o**2 - 8*o + 10. Give t(7).
3
Let r(t) = t**2 - 20*t + 56. Determine r(19).
37
Let m(w) = -15*w + 102. What is m(7)?
-3
Let z(h) = h**2 - 13*h - 15. Calculate z(13).
-15
Let u(t) = 27*t**3 - t**2 + t. Give u(1).
27
Let o(u) = -27*u - 15. Give o(-1).
12
Let x(s) = -s**2 - 28*s - 161. Calculate x(-20).
-1
Let o(s) = -3*s - 4. What is o(25)?
-79
Let z(y) = y**3 + 13*y**2 + 16*y + 93. Determine z(-12).
45
Let u(h) = -9*h + 1. Give u(-1).
10
Let n(d) = d**3 - 3*d**2 + d - 52. What is n(5)?
3
Let j(x) = -x**2 - 4*x. Determine j(-6).
-12
Let p(q) = q**3 - 3*q**2 - q + 2. Give p(2).
-4
Let d(v) = v**2 + 12*v + 1. Give d(-9).
-26
Let l(a) = a**2 + 2*a - 17. Give l(0).
-17
Let z(y) = -y**3 - 6*y**2 + 4*y - 4. Calculate z(-7).
17
Let k(o) = o**2 + 4*o + 1. What is k(4)?
33
Let k(l) = l**2 - 34*l + 88. What is k(3)?
-5
Let j(n) = n + 2. What is j(-11)?
-9
Let q(r) = r**3 - 33*r**2 - r - 10. Calculate q(33).
-43
Let j(n) = -3*n**2 - 8*n - 5. What is j(-8)?
-133
Let c(s) = s**3 + s**2 + 2*s - 7. What is c(0)?
-7
Let k(c) = -7*c + 13. Determine k(0).
13
Let b(j) = j**3 - 2*j**2 + j - 10. Give b(0).
-10
Let c(p) = p**3 - 39*p**2 - 170*p - 85. Calculate c(43).
1
Let r(q) = -2*q**2 - 35*q - 24. Give r(-17).
-7
Let p(g) = g**3 + 36*g**2 + 33*g - 76. Determine p(-35).
-6
Let y(c) = -92*c + 78. What is y(1)?
-14
Let v(u) = -u**2 - 11*u - 6. Calculate v(-7).
22
Let i(x) = 5*x - 1. Give i(0).
-1
Let g(n) = -n**2 + 12*n - 44. What is g(5)?
-9
Let o(m) = 3*m - 29. Calculate o(8).
-5
Let y(q) = 5*q + 31. Give y(-10).
-19
Let t(w) = w**3 + w + 3. Determine t(0).
3
Let p(x) = 16*x - 105. Determine p(6).
-9
Let i(n) = n**3 - 25*n**2 - 82*n - 27. Determine i(28).
29
Let w(h) = h**3 - 23*h**2 + 52*h - 204. Give w(21).
6
Let p(x) = -2*x**2 - 1. Determine p(-2).
-9
Let o(n) = n**2 - 17*n + 49. Calculate o(8).
-23
Let u(f) = -3*f**2 + 4*f + 4. Give u(3).
-11
Let x(v) = 5*v + 12. Give x(-6).
-18
Let v(t) = 5*t + 3. What is v(7)?
38
Let h(y) = 6*y + 38. Give h(-12).
-34
Let u(w) = -w**2 - 5*w + 3. Give u(-4).
7
Let a(s) = -s**2 + 43*s - 3. Calculate a(43).
-3
Let m(x) = 2*x - 1. Calculate m(4).
7
Let g(q) = -q - 77. What is g(9)?
-86
Let n(k) = 17*k + 357. What is n(-21)?
0
Let t(c) = -12*c - 15. What is t(0)?
-15
Let j(k) = k**2 + k - 3. Calculate j(2).
3
Let n(t) = t**3 + 8*t**2 + 6*t - 2. What is n(-6)?
34
Let a(x) = x + 8. Give a(-9).
-1
Let d(m) = m + 5. Calculate d(5).
10
Let n(w) = -6*w - 14. What is n(-3)?
4
Let j(n) = -2*n**3 - 41*n**2 + 19*n - 44. What is j(-21)?
-2
Let g(l) = -l**3 - 4*l**2 + 6*l. What is g(-5)?
-5
Let v(q) = -201*q + 1210. Determine v(6).
4
Let x(n) = n**2 - n + 1. Determine x(0).
1
Let v(h) = -h**2 + 2. Give v(-1).
1
Let q(r) = r**2 - 26*r + 50. Calculate q(24).
2
Let m(h) = -h**3 - 13*h**2 - 22*h - 6. Calculate m(-11).
-6
Let c(l) = -3*l**2 - 4*l + 9. Determine c(3).
-30
Let j(r) = r**3 + 18*r**2 - 23*r - 78. Calculate j(-19).
-2
Let d(y) = -16*y**2 - 12*y + 18. Determine d(3).
-162
Let z(k) = -3*k + 16. Give z(7).
-5
Let x(c) = -4*c**2 - 23*c + 12. What is x(-6)?
6
Let s(x) = 2*x + 2. Determine s(6).
14
Let q(r) = 5*r - 40. Determine q(8).
0
Let s(d) = d**2 + 12*d + 5. Determine s(-10).
-15
Let w(j) = j**3 - j + 2. Calculate w(-2).
-4
Let h(s) = -s**3 + 3*s**2 + 9*s - 9. Give h(6).
-63
Let v(s) = s**2 - 3*s + 5. Determine v(3).
5
Let h(b) = b**2 + 21*b - 63. What is h(-22)?
-41
Let l(k) = -6*k - 11. Calculate l(-2).
1
Let t(l) = l**3 + 5*l**2 - 39*l - 33. Give t(-9).
-6
Let c(x) = 3*x**2 - 8. What is c(2)?
4
Let z(u) = -u**3 - 4*u**2 + 8*u + 2. Determine z(-4).
-30
Let q(j) = 8*j**3 - j**2 - j + 1. Determine q(-1).
-7
Let t(n) = 20*n - 7. What is t(-3)?
-67
Let t(s) = 8*s - 56. Determine t(6).
-8
Let v(b) = -4*b**2 - 32*b - 30. Calculate v(-1).
-2
Let b(q) = 11*q - 115. What is b(10)?
-5
Let x(l) = -l**3 - 12*l**2 + 14*l - 1. What is x(-13)?
-14
Let f(p) = -13*p + 26. What is f(9)?
-91
Let n(v) = -v**3 + 35*v**2 - 35*v + 29. What is n(34)?
-5
Let i(u) = -2*u**2 - 5*u + 3. What is i(-4)?
-9
Let q(f) = 2*f - 55. Determine q(23).
-9
Let m(f) = f**3 - 9*f**2 + 10*f + 7. Give m(6).
-41
Let p(z) = -4*z - 51. Give p(-13).
1
Let n(f) = f**2 + 11*f + 42. What is n(-7)?
14
Let i(p) = -p**2 - 6*p - 2. What is i(-5)?
3
Let p(o) = o**2 - 10*o + 11. Give p(1).
2
Let q(r) = r**3 - 8*r**2 + 4*r + 8. Calculate q(7).
-13
Let j(d) = d + 1. What is j(-6)?
-5
Let t(k) = -33*k + 155. Give t(5).
-10
Let v(s) = s**3 + 6*s**2 + 7*s - 20. Calculate v(-6).
-62
Let v(j) = -8*j - 20. Calculate v(-3).
4
Let g(y) = -2*y + 9. Give g(6).
-3
Let o(d) = -d**3 + 7*d**2 + 11*d - 84. What is o(6)?
18
Let n(s) = -s**2 - 3*s - 16. What is n(0)?
-16
Let u(z) = -3*z - 9. What is u(-2)?
-3
Let b(m) = 3*m + 17. Determine b(-7).
-4
Let q(n) = n**2 + 45*n + 271. Determine q(-7).
5
Let r(j) = -j**3 - j**2 + 5*j - 3. Calculate r(5).
-128
Let v(y) = -y**2 + 6*y + 7. Calculate v(6).
7
Let k(b) = -3*b**2 + b + 3. Determine k(-3).
-27
Let r(v) = -v**3 + 9*v**2 - 13*v. Give r(8).
-40
Let s(x) = -x**3 + 12*x**2 + 14*x - 14. Calculate s(13).
-1
Let v(c) = -4*c + 26. Determine v(13).
-26
Let n(x) = -2*x - 17. Calculate n(-6).
-5
Let z(h) = 4*h**3 - 2*h**2 + 3*h - 3. Determine z(2).
27
Let r(k) = k - 1. Calculate r(-10).
-11
Let o(i) = 18*i**3 - i**2 + i + 1. Calculate o(-1).
-19
Let t(h) = -h - 2. Calculate t(6).
-8
Let c(h) = 3*h + 55. Give c(-18).
1
Let i(j) = -4*j - 11. Calculate i(-9).
25
Let f(x) = 7*x**2 + 2*x - 4. Determine f(-3).
53
Let m(c) = c - 2. What is m(-4)?
-6
Let c(w) = -80*w**2 - w - 1. Determine c(-1).
-80
Let a(x) = -10*x + 28. Calculate a(5).
-22
Let o(s) = s + 2. Give o(-5).
-3
Let l(j) = j**3 + 11*j**2 + 28*j + 7. Calculate l(-4).
7
Let v(d) = -d**2 - 9*d - 5. Give v(-8).
3
Let n(u) = -u**2 + 5*u - 4. Calculate n(2).
2
Let n(r) = -r**3 + 16*r**2 - 13*r - 37. Calculate n(15).
-7
Let p(k) = k**2 - 11*k - 10. Calculate p(0).
-10
Let d(p) = -p**3 + 9*p**2 - 6*p + 3. Calculate d(8).
19
Let n(t) = -2*t**2 - 37*t - 10. What is n(-18)?
8
Let w(r) = -78*r + 140. Give w(2).
-16
Let j(c) = -4*c + 23. Calculate j(8).
-9
Let m(t) = t - 19. Calculate m(45).
26
Let g(a) = -a**3 - 13*a**2 + 15*a - 1. Determine g(-14).
-15
Let z(i) = 3*i**2 - 36*i - 5. Determine z(15).
130
Let b(s) = s**3 + 6*s**2 + 6*s + 1. Determine b(-3).
10
Let r(o) = -o**3 + 3*o**2 + 2*o - 3. Calculate r(4).
-11
Let g(n) = -13*n - 70. What is g(-6)?
8
Let u(g) = g**3 - 9*g**2 + 5*g + 20. Determine u(8).
-4
Let t(y) = y**3 - 6*y**2 - 8*y + 3. Calculate t(6).
-45
Let q(l) = -l - 22. Calculate q(-6).
-16
Let m(b) = -2*b**3 + 6*b**2 + 4*b + 3. Calculate m(-1).
7
Let y(d) = d**2 - 15*d + 50. What is y(9)?
-4
Let u(a) = 16*a + 110. Calculate u(-7).
-2
Let y(l) = -l**3 - 9*l**2 - 9*l + 2. Determine y(-8).
10
Let x(h) = h**3 - 3*h**2 - 3*h - 1. Calculate x(3).
-10
Let v(d) = -d**3 + 9*d**2 - 6*d - 7. Determine v(8).
9
Let w(c) = -c**2 + 4*c + 9. Calculate w(7).
-12
Let j(d) = d**3 + 3*d**2 + d + 5. Determine j(-3).
2
Let l(w) = -37*w**3 - 2*w**2 + 2*w - 1. Calculate l(1).
-38
Let n(a) = a**3 - 4*a**2 + 2*a - 7. What is n(4)?
1
Let q(b) = -b**2 + 21*b + 4. Determine q(21).
4
Let x(t) = 37*t - 103. Determine x(3).
8
Let p(x) = 2*x - 5. Determine p(5).
5
Let q(h) = 2*h**3 + 6*h**2 + 8*h + 2. What is q(-2)?
-6
Let c(d) = d**3 - 6*d**2 - 2*d + 37. Give c(5).
2
Let p(l) = -14*l - 3. Calculate p(1).
-17
Let z(s) = -s**3 - 2*s**2 - 3*s - 25. Calculate z(0).
-25
Let q(d) = -d**3 - 9*d**2 + 13*d + 8. Determine q(-10).
-22
Let c(g) = -g**2 + 10*g - 16. Give c(9).
-7
Let v(k) = 2*k**2 - 11*k + 7. Calculate v(7).
28
Let z(h) = -11*h + 253. Give z(24).
-11
Let m(r) = r**2 + 10*r + 5. Determine m(-9).
-4
Let s(o) = o**3 - 7*o**2 + 2. Give s(-1).
-6
Let h(r) = -3*r**2 + 26*r - 19. Give h(7).
16
Let s(x) = x**2 + 23*x + 8. Give s(-22).
-14
Let u(n) = -5*n**2 + 32*n - 5. Determine u(6).
7
Let l(q) = 2*q**2 - 11*q - 21. Calculate l(0).
-21
Let v(b) = -4*b - 36. Determine v(-8).
-4
Let c(z) = 55*z**3 - z**2 + 2*z + 2. What is c(-1)?
-56
Let j(y) = -2*y**2 + 14*y 